{"id":10243,"date":"2023-01-30T16:08:34","date_gmt":"2023-01-30T15:08:34","guid":{"rendered":"https:\/\/www.informacyde.com\/blog\/?page_id=10243"},"modified":"2025-12-19T23:13:42","modified_gmt":"2025-12-19T22:13:42","slug":"nouvel-a-propos","status":"publish","type":"page","link":"https:\/\/www.informacyde.com\/blog\/nouvel-a-propos\/","title":{"rendered":"A propos"},"content":{"rendered":"<p><em>&#8211; Edito du 30 janvier 2023 &#8211;<\/em><\/p>\n<p>Bienvenue sur mon Blog, Informacyde.<img data-recalc-dims=\"1\" decoding=\"async\" data-attachment-id=\"10042\" data-permalink=\"https:\/\/www.informacyde.com\/blog\/nouvel-a-propos\/attachment\/sans-titre-2\/\" data-orig-file=\"https:\/\/i0.wp.com\/www.informacyde.com\/blog\/wp-content\/uploads\/2019\/03\/Sans-titre-1.png?fit=1500%2C999&amp;ssl=1\" data-orig-size=\"1500,999\" data-comments-opened=\"1\" data-image-meta=\"{&quot;aperture&quot;:&quot;0&quot;,&quot;credit&quot;:&quot;&quot;,&quot;camera&quot;:&quot;&quot;,&quot;caption&quot;:&quot;&quot;,&quot;created_timestamp&quot;:&quot;0&quot;,&quot;copyright&quot;:&quot;&quot;,&quot;focal_length&quot;:&quot;0&quot;,&quot;iso&quot;:&quot;0&quot;,&quot;shutter_speed&quot;:&quot;0&quot;,&quot;title&quot;:&quot;&quot;,&quot;orientation&quot;:&quot;0&quot;}\" data-image-title=\"Harold photo\" data-image-description=\"\" data-image-caption=\"\" data-medium-file=\"https:\/\/i0.wp.com\/www.informacyde.com\/blog\/wp-content\/uploads\/2019\/03\/Sans-titre-1.png?fit=300%2C200&amp;ssl=1\" data-large-file=\"https:\/\/i0.wp.com\/www.informacyde.com\/blog\/wp-content\/uploads\/2019\/03\/Sans-titre-1.png?fit=1024%2C682&amp;ssl=1\" class=\"size-medium wp-image-10042 alignright\" src=\"https:\/\/i0.wp.com\/www.informacyde.com\/blog\/wp-content\/uploads\/2019\/03\/Sans-titre-1.png?resize=300%2C200&#038;ssl=1\" alt=\"\" width=\"300\" height=\"200\" srcset=\"https:\/\/i0.wp.com\/www.informacyde.com\/blog\/wp-content\/uploads\/2019\/03\/Sans-titre-1.png?resize=300%2C200&amp;ssl=1 300w, https:\/\/i0.wp.com\/www.informacyde.com\/blog\/wp-content\/uploads\/2019\/03\/Sans-titre-1.png?resize=768%2C511&amp;ssl=1 768w, https:\/\/i0.wp.com\/www.informacyde.com\/blog\/wp-content\/uploads\/2019\/03\/Sans-titre-1.png?resize=1024%2C682&amp;ssl=1 1024w, https:\/\/i0.wp.com\/www.informacyde.com\/blog\/wp-content\/uploads\/2019\/03\/Sans-titre-1.png?resize=750%2C500&amp;ssl=1 750w, https:\/\/i0.wp.com\/www.informacyde.com\/blog\/wp-content\/uploads\/2019\/03\/Sans-titre-1.png?resize=550%2C366&amp;ssl=1 550w, https:\/\/i0.wp.com\/www.informacyde.com\/blog\/wp-content\/uploads\/2019\/03\/Sans-titre-1.png?w=1500&amp;ssl=1 1500w\" sizes=\"(max-width: 300px) 100vw, 300px\" \/><\/p>\n<p>Il est en ligne depuis 2004, c&rsquo;est-\u00e0-dire presque 20 ans \u00e0 l&rsquo;heure o\u00f9 j&rsquo;\u00e9cris ces lignes.<\/p>\n<p>Je l&rsquo;ai cr\u00e9\u00e9 lorsque j&rsquo;\u00e9tais \u00e9l\u00e8ve en classe de Premi\u00e8re (j&rsquo;avais 17 ans), sans imaginer que je serai toujours derri\u00e8re autant d&rsquo;ann\u00e9es plus tard.<\/p>\n<p>J&rsquo;ai aujourd&rsquo;hui presque 36 ans et je travaille dans l&rsquo;information (cr\u00e9ation de site web, communication et informatique pour les \u00e9coles. Mon site <a href=\"https:\/\/www.informacyde.fr\" target=\"_blank\" rel=\"noopener\">www.informacyde.fr<\/a>).<\/p>\n<p>Sur ce blog, vous trouverez toute sorte d&rsquo;articles. Ils correspondent \u00e0 ce que j&rsquo;aime, \u00e0 ce que je pense, \u00e0 ce que j&rsquo;ai envie d&rsquo;exprimer.<\/p>\n<p>Les th\u00e8mes, le style d&rsquo;\u00e9criture (et malheureusement les fautes d&rsquo;orthographe) correspondent \u00e0 cette \u00e9volution.<\/p>\n<p>J&rsquo;ai souvent h\u00e9sit\u00e9 \u00e0 le fermer, passer un autre site, mettre quasiment tout hors ligne, mais je n&rsquo;arrive pas \u00e0 m&rsquo;y r\u00e9soudre.<\/p>\n<p>Je suis fier de tout ce qu&rsquo;il y a ici. Si avec le temps, j&rsquo;ai mis en hors-ligne certains textes un peu personnels, la plupart sont rest\u00e9s intacts.<\/p>\n<p>J&rsquo;ai seulement \u00e9t\u00e9 corriger l&rsquo;orthographe des pages les plus consult\u00e9es, et j&rsquo;essaye encore de le faire au fur et \u00e0 mesure. Il ne faudra pas m&rsquo;en tenir rigueur :)<\/p>\n<p>Merci aux lecteurs de passer par ici et n&rsquo;h\u00e9sitez pas \u00e0 commencer, c&rsquo;est ce qui fait vivre un blog comme celui-ci.<\/p>\n<p>Vous pouvez consulter mes anciens \u00e9ditos en <a href=\"https:\/\/www.informacyde.com\/blog\/a-propos\/\">cliquant ici<\/a>\u00a0et retrouver mes articles actuels sur l&rsquo;entreprenariat et la productivit\u00e9 sur <a href=\"https:\/\/haroldbirene.fr\" target=\"_blank\" rel=\"noopener\">haroldbirene.fr<\/a><\/p>\n","protected":false},"excerpt":{"rendered":"<p>&#8211; Edito du 30 janvier 2023 &#8211; Bienvenue sur mon Blog, Informacyde. Il est en ligne depuis 2004, c&rsquo;est-\u00e0-dire presque 20 ans \u00e0 l&rsquo;heure o\u00f9 j&rsquo;\u00e9cris ces lignes. Je l&rsquo;ai&hellip;<\/p>\n","protected":false},"author":10,"featured_media":0,"parent":0,"menu_order":0,"comment_status":"closed","ping_status":"closed","template":"","meta":{"jetpack_post_was_ever_published":false,"footnotes":""},"class_list":["post-10243","page","type-page","status-publish","hentry"],"yoast_head":"<!-- This site is optimized with the Yoast SEO plugin v27.3 - https:\/\/yoast.com\/product\/yoast-seo-wordpress\/ -->\n<title>A propos - Informacyde<\/title>\n<meta name=\"robots\" content=\"index, follow, max-snippet:-1, max-image-preview:large, max-video-preview:-1\" \/>\n<link rel=\"canonical\" href=\"https:\/\/www.informacyde.com\/blog\/nouvel-a-propos\/\" \/>\n<meta property=\"og:locale\" content=\"fr_FR\" \/>\n<meta property=\"og:type\" content=\"article\" \/>\n<meta property=\"og:title\" content=\"A propos - Informacyde\" \/>\n<meta property=\"og:description\" content=\"&#8211; Edito du 30 janvier 2023 &#8211; Bienvenue sur mon Blog, Informacyde. Il est en ligne depuis 2004, c&rsquo;est-\u00e0-dire presque 20 ans \u00e0 l&rsquo;heure o\u00f9 j&rsquo;\u00e9cris ces lignes. Je l&rsquo;ai&hellip;\" \/>\n<meta property=\"og:url\" content=\"https:\/\/www.informacyde.com\/blog\/nouvel-a-propos\/\" \/>\n<meta property=\"og:site_name\" content=\"Informacyde\" \/>\n<meta property=\"article:modified_time\" content=\"2025-12-19T22:13:42+00:00\" \/>\n<meta property=\"og:image\" content=\"https:\/\/www.informacyde.com\/blog\/wp-content\/uploads\/2019\/03\/Sans-titre-1-300x200.png\" \/>\n<meta name=\"twitter:card\" content=\"summary_large_image\" \/>\n<meta name=\"twitter:site\" content=\"@informacyde\" \/>\n<meta name=\"twitter:label1\" content=\"Dur\u00e9e de lecture estim\u00e9e\" \/>\n\t<meta name=\"twitter:data1\" content=\"2 minutes\" \/>\n<script type=\"application\/ld+json\" class=\"yoast-schema-graph\">{\"@context\":\"https:\\\/\\\/schema.org\",\"@graph\":[{\"@type\":\"WebPage\",\"@id\":\"https:\\\/\\\/www.informacyde.com\\\/blog\\\/nouvel-a-propos\\\/\",\"url\":\"https:\\\/\\\/www.informacyde.com\\\/blog\\\/nouvel-a-propos\\\/\",\"name\":\"A propos - Informacyde\",\"isPartOf\":{\"@id\":\"https:\\\/\\\/www.informacyde.com\\\/blog\\\/#website\"},\"primaryImageOfPage\":{\"@id\":\"https:\\\/\\\/www.informacyde.com\\\/blog\\\/nouvel-a-propos\\\/#primaryimage\"},\"image\":{\"@id\":\"https:\\\/\\\/www.informacyde.com\\\/blog\\\/nouvel-a-propos\\\/#primaryimage\"},\"thumbnailUrl\":\"https:\\\/\\\/www.informacyde.com\\\/blog\\\/wp-content\\\/uploads\\\/2019\\\/03\\\/Sans-titre-1-300x200.png\",\"datePublished\":\"2023-01-30T15:08:34+00:00\",\"dateModified\":\"2025-12-19T22:13:42+00:00\",\"breadcrumb\":{\"@id\":\"https:\\\/\\\/www.informacyde.com\\\/blog\\\/nouvel-a-propos\\\/#breadcrumb\"},\"inLanguage\":\"fr-FR\",\"potentialAction\":[{\"@type\":\"ReadAction\",\"target\":[\"https:\\\/\\\/www.informacyde.com\\\/blog\\\/nouvel-a-propos\\\/\"]}]},{\"@type\":\"ImageObject\",\"inLanguage\":\"fr-FR\",\"@id\":\"https:\\\/\\\/www.informacyde.com\\\/blog\\\/nouvel-a-propos\\\/#primaryimage\",\"url\":\"https:\\\/\\\/i0.wp.com\\\/www.informacyde.com\\\/blog\\\/wp-content\\\/uploads\\\/2019\\\/03\\\/Sans-titre-1.png?fit=1500%2C999&ssl=1\",\"contentUrl\":\"https:\\\/\\\/i0.wp.com\\\/www.informacyde.com\\\/blog\\\/wp-content\\\/uploads\\\/2019\\\/03\\\/Sans-titre-1.png?fit=1500%2C999&ssl=1\",\"width\":1500,\"height\":999},{\"@type\":\"BreadcrumbList\",\"@id\":\"https:\\\/\\\/www.informacyde.com\\\/blog\\\/nouvel-a-propos\\\/#breadcrumb\",\"itemListElement\":[{\"@type\":\"ListItem\",\"position\":1,\"name\":\"Accueil\",\"item\":\"https:\\\/\\\/www.informacyde.com\\\/blog\\\/\"},{\"@type\":\"ListItem\",\"position\":2,\"name\":\"A propos\"}]},{\"@type\":\"WebSite\",\"@id\":\"https:\\\/\\\/www.informacyde.com\\\/blog\\\/#website\",\"url\":\"https:\\\/\\\/www.informacyde.com\\\/blog\\\/\",\"name\":\"Informacyde\",\"description\":\"High-Tech &amp; Co - Depuis 2004\",\"publisher\":{\"@id\":\"https:\\\/\\\/www.informacyde.com\\\/blog\\\/#\\\/schema\\\/person\\\/e7e6dfe56d697fdbf8cdc6ab587bd4a3\"},\"potentialAction\":[{\"@type\":\"SearchAction\",\"target\":{\"@type\":\"EntryPoint\",\"urlTemplate\":\"https:\\\/\\\/www.informacyde.com\\\/blog\\\/?s={search_term_string}\"},\"query-input\":{\"@type\":\"PropertyValueSpecification\",\"valueRequired\":true,\"valueName\":\"search_term_string\"}}],\"inLanguage\":\"fr-FR\"},{\"@type\":[\"Person\",\"Organization\"],\"@id\":\"https:\\\/\\\/www.informacyde.com\\\/blog\\\/#\\\/schema\\\/person\\\/e7e6dfe56d697fdbf8cdc6ab587bd4a3\",\"name\":\"Harold\",\"logo\":{\"@id\":\"https:\\\/\\\/www.informacyde.com\\\/blog\\\/#\\\/schema\\\/person\\\/image\\\/\"},\"sameAs\":[\"https:\\\/\\\/www.linkedin.com\\\/in\\\/harold-birene-6b35a2114\\\/\",\"https:\\\/\\\/x.com\\\/https:\\\/\\\/twitter.com\\\/informacyde\"]}]}<\/script>\n<!-- \/ Yoast SEO plugin. -->","yoast_head_json":{"title":"A propos - Informacyde","robots":{"index":"index","follow":"follow","max-snippet":"max-snippet:-1","max-image-preview":"max-image-preview:large","max-video-preview":"max-video-preview:-1"},"canonical":"https:\/\/www.informacyde.com\/blog\/nouvel-a-propos\/","og_locale":"fr_FR","og_type":"article","og_title":"A propos - Informacyde","og_description":"&#8211; Edito du 30 janvier 2023 &#8211; Bienvenue sur mon Blog, Informacyde. Il est en ligne depuis 2004, c&rsquo;est-\u00e0-dire presque 20 ans \u00e0 l&rsquo;heure o\u00f9 j&rsquo;\u00e9cris ces lignes. Je l&rsquo;ai&hellip;","og_url":"https:\/\/www.informacyde.com\/blog\/nouvel-a-propos\/","og_site_name":"Informacyde","article_modified_time":"2025-12-19T22:13:42+00:00","og_image":[{"url":"https:\/\/www.informacyde.com\/blog\/wp-content\/uploads\/2019\/03\/Sans-titre-1-300x200.png","type":"","width":"","height":""}],"twitter_card":"summary_large_image","twitter_site":"@informacyde","twitter_misc":{"Dur\u00e9e de lecture estim\u00e9e":"2 minutes"},"schema":{"@context":"https:\/\/schema.org","@graph":[{"@type":"WebPage","@id":"https:\/\/www.informacyde.com\/blog\/nouvel-a-propos\/","url":"https:\/\/www.informacyde.com\/blog\/nouvel-a-propos\/","name":"A propos - Informacyde","isPartOf":{"@id":"https:\/\/www.informacyde.com\/blog\/#website"},"primaryImageOfPage":{"@id":"https:\/\/www.informacyde.com\/blog\/nouvel-a-propos\/#primaryimage"},"image":{"@id":"https:\/\/www.informacyde.com\/blog\/nouvel-a-propos\/#primaryimage"},"thumbnailUrl":"https:\/\/www.informacyde.com\/blog\/wp-content\/uploads\/2019\/03\/Sans-titre-1-300x200.png","datePublished":"2023-01-30T15:08:34+00:00","dateModified":"2025-12-19T22:13:42+00:00","breadcrumb":{"@id":"https:\/\/www.informacyde.com\/blog\/nouvel-a-propos\/#breadcrumb"},"inLanguage":"fr-FR","potentialAction":[{"@type":"ReadAction","target":["https:\/\/www.informacyde.com\/blog\/nouvel-a-propos\/"]}]},{"@type":"ImageObject","inLanguage":"fr-FR","@id":"https:\/\/www.informacyde.com\/blog\/nouvel-a-propos\/#primaryimage","url":"https:\/\/i0.wp.com\/www.informacyde.com\/blog\/wp-content\/uploads\/2019\/03\/Sans-titre-1.png?fit=1500%2C999&ssl=1","contentUrl":"https:\/\/i0.wp.com\/www.informacyde.com\/blog\/wp-content\/uploads\/2019\/03\/Sans-titre-1.png?fit=1500%2C999&ssl=1","width":1500,"height":999},{"@type":"BreadcrumbList","@id":"https:\/\/www.informacyde.com\/blog\/nouvel-a-propos\/#breadcrumb","itemListElement":[{"@type":"ListItem","position":1,"name":"Accueil","item":"https:\/\/www.informacyde.com\/blog\/"},{"@type":"ListItem","position":2,"name":"A propos"}]},{"@type":"WebSite","@id":"https:\/\/www.informacyde.com\/blog\/#website","url":"https:\/\/www.informacyde.com\/blog\/","name":"Informacyde","description":"High-Tech &amp; Co - Depuis 2004","publisher":{"@id":"https:\/\/www.informacyde.com\/blog\/#\/schema\/person\/e7e6dfe56d697fdbf8cdc6ab587bd4a3"},"potentialAction":[{"@type":"SearchAction","target":{"@type":"EntryPoint","urlTemplate":"https:\/\/www.informacyde.com\/blog\/?s={search_term_string}"},"query-input":{"@type":"PropertyValueSpecification","valueRequired":true,"valueName":"search_term_string"}}],"inLanguage":"fr-FR"},{"@type":["Person","Organization"],"@id":"https:\/\/www.informacyde.com\/blog\/#\/schema\/person\/e7e6dfe56d697fdbf8cdc6ab587bd4a3","name":"Harold","logo":{"@id":"https:\/\/www.informacyde.com\/blog\/#\/schema\/person\/image\/"},"sameAs":["https:\/\/www.linkedin.com\/in\/harold-birene-6b35a2114\/","https:\/\/x.com\/https:\/\/twitter.com\/informacyde"]}]}},"jetpack_shortlink":"https:\/\/wp.me\/PiIgU-2Fd","jetpack_sharing_enabled":true,"_links":{"self":[{"href":"https:\/\/www.informacyde.com\/blog\/wp-json\/wp\/v2\/pages\/10243","targetHints":{"allow":["GET"]}}],"collection":[{"href":"https:\/\/www.informacyde.com\/blog\/wp-json\/wp\/v2\/pages"}],"about":[{"href":"https:\/\/www.informacyde.com\/blog\/wp-json\/wp\/v2\/types\/page"}],"author":[{"embeddable":true,"href":"https:\/\/www.informacyde.com\/blog\/wp-json\/wp\/v2\/users\/10"}],"replies":[{"embeddable":true,"href":"https:\/\/www.informacyde.com\/blog\/wp-json\/wp\/v2\/comments?post=10243"}],"version-history":[{"count":4,"href":"https:\/\/www.informacyde.com\/blog\/wp-json\/wp\/v2\/pages\/10243\/revisions"}],"predecessor-version":[{"id":10277,"href":"https:\/\/www.informacyde.com\/blog\/wp-json\/wp\/v2\/pages\/10243\/revisions\/10277"}],"wp:attachment":[{"href":"https:\/\/www.informacyde.com\/blog\/wp-json\/wp\/v2\/media?parent=10243"}],"curies":[{"name":"wp","href":"https:\/\/api.w.org\/{rel}","templated":true}]}}